eds digit of s?
3
Let j = -96 - -99. Suppose 3*s + p - 1016 = 0, -j*s - s + 4*p = -1328. What is the tens digit of s?
3
Suppose 2*t - 2*o - 122960 = 0, -t + 7*o - 11*o + 61485 = 0. What is the tens digit of t?
8
Suppose 0 = 71*t - 113*t + 247968. What is the units digit of t?
4
Suppose -y + 30319 = 2*q, 1043*y + 45477 = 3*q + 1046*y. What is the units digit of q?
0
Let k be -2 + (-14)/35*(2 + -17). Suppose -k*t = 20, 985 = 4*s + 4*t - 5*t. What is the hundreds digit of s?
2
Suppose 0 = 16*y - 18*y. Suppose -12*m + m + 638 = y. Suppose -87 = -k + m. What is the tens digit of k?
4
Let i(k) = 16566*k**2 - 1013*k + 1013. What is the ten thousands digit of i(1)?
1
Let f = 107777 + -37039. What is the ten thousands digit of f?
7
Let a = 51050 - 16098. What is the tens digit of a?
5
Let j(s) = -2*s**2 - s**3 - 6*s**2 - 7*s**2 - 23 + 0*s**2 - 2*s. Let d be j(-15). Suppose -3*n - 36 = -d*n. What is the units digit of n?
9
Let d = 35 - 36. Let t be 0/(d/(2 - (-2 + 5))). Suppose 2*w + 6 = -4*n, -3*n = w - t*n + 5. What is the units digit of w?
1
Suppose 4*w + 81 = 7*w + 2*h, 4*h - 17 = -w. Let z(v) = -v**3 + 31*v**2 - 46*v + 25. What is the tens digit of z(w)?
7
Suppose 4*v - 149 = 5*c, -10*c = -3*v - 5*c + 113. Suppose 10886 = -v*k + 30470. What is the tens digit of k?
4
Let r(c) = 16*c**3 + 2*c**2 - 16*c + 22. What is the units digit of r(6)?
4
Let z(f) = 10*f - 230. Suppose -5*y + 3*u + 149 = 0, -3*y + 5*u + 93 = 2*u. What is the units digit of z(y)?
0
Suppose -15*h + 559818 = -2*h + 50*h. What is the hundreds digit of h?
8
Suppose -3*c + 1988 = -4*a - 694, -5*a - 3351 = -3*c. Let n = 724 + a. What is the tens digit of n?
5
Suppose 2*w + 3*w = 5*j + 15, 3*w + 4*j - 23 = 0. Let k be 2/w*(66 + -6). Suppose 0 = 3*o + 6, h - 4*o = -h + k. What is the units digit of h?
8
Let i = 267 - -2206. Suppose 6*c + 973 = i. What is the tens digit of c?
5
Let l(s) = -s**3 - 31*s**2 - 86*s - 93. What is the units digit of l(-29)?
9
Let m(t) = 5*t + 1. Let g(s) = -2*s + 1. Let f(d) = -6*g(d) + m(d). Let j(b) = -b - 1. Let p(k) = f(k) - 2*j(k). What is the units digit of p(13)?
4
Let v(x) = x**3 - 4*x - 9. Suppose 0 = -2*g - 2*w, 3*g + w - 10 = -0*w. What is the units digit of v(g)?
6
Let i(v) = v**3 + 16*v**2 + 17*v + 10. Let k = 166 - 180. What is the units digit of i(k)?
4
Suppose -9*z + 1958 = 2*q - 4*z, -3*q = 5*z - 2942. Let i = q + -553. What is the tens digit of i?
3
Suppose 0 = 5*r + 4*d - 1924, 3*d = r - 0*d - 381. What is the units digit of r?
4
Suppose p - 4 = 0, 675*p = f + 677*p - 10546. What is the tens digit of f?
3
Suppose 5*u - s = 17, 4*u - 3*s - 11 = 7. Let z(q) = q - 3 + u + 2*q + 7*q**2 + 3. What is the tens digit of z(-2)?
2
Let c = -49 - -56. Let l be (36/(-6) + c)*(-1 - -4). Suppose 5*r = 2*i - 318, -5*r + l + 7 = 0. What is the hundreds digit of i?
1
Let u be (437 - 64)/(-2 + (-14)/(-6)). Suppose 0 = -4*g - 4*x + 3324, 4*x = -g + u - 294. What is the tens digit of g?
3
Suppose -2*f + 18038 = 44*g - 41*g, -g + 5*f = -5990. What is the units digit of g?
0
Suppose 3*c = -4*s + 5*s + 16, 3*c + 3*s = 0. Suppose 0 = -n + 2, 5*k + c*n - 5 = -2. What is the units digit of 4*66/4 - (-1 - k)?
6
Let m be -457 + -1 + -3 + -1. Let d = m - -666. Suppose -6*r - d = -8*r. What is the units digit of r?
2
Suppose d + 0*w = 2*w + 3355, 4*w = -d + 3337. Suppose 0 = -9*p - 8*p + d. Suppose 160 + p = 3*t. What is the units digit of t?
9
Let t(x) = -4*x**2 + x - 2. Let g be t(-5). Let r = -104 - g. Suppose -j + 108 = b, 5*b - 172 = -r*j + 154. What is the units digit of j?
7
Suppose 4*q + 1420 = -4*a, a = -4*q - 477 + 116. Let v = -141 - a. Suppose -5*u = -3*u - v. What is the units digit of u?
6
Let k(h) = h**3 + 20*h**2 + 25*h - 10. Let v be k(-23). Let j = v - -3614. What is the thousands digit of j?
1
Let x(q) = q**3 + 14*q**2 + q + 5. Let m be x(-14). What is the units digit of (-2526)/m - 0 - 4/(-12)?
1
Let c(b) be the first derivative of 43*b**2/2 - 23*b - 57. What is the hundreds digit of c(7)?
2
Let w(q) = 2*q**3 - 4*q**2 - 3*q - 4. Let s be w(3). Suppose 0 = 4*a + 4*v - 344, -4*a + 173 = s*v - 176. Suppose -4*m - a = -7*m. What is the tens digit of m?
2
Suppose 260*h - 262*h + 371156 = 5*t, 0 = t + 5*h - 74199. What is the hundreds digit of t?
2
Suppose 3*f + 350 = -4*f. Let z = f + 37. Let j = z + 31. What is the units digit of j?
8
Suppose a = -s + 6433, 4171 = s + 2*a - 2264. What is the units digit of s?
1
Let t(q) be the first derivative of q**4/4 + 2*q**3 - q**2 + 2*q + 10. Let g be (27/12)/(-3) + 84/(-16). What is the tens digit of t(g)?
1
Suppose 5*h = 2*p - 27420 - 11533, p - 5*h = 19469. Suppose 0 = -15*l - 149 + p. What is the thousands digit of l?
1
Suppose -4*q + 10076 = -4*z, -4*q - 18*z + 10055 = -15*z. What is the thousands digit of q?
2
Suppose 5*f - 5*y + 3105 = 0, -y = -2*y + 2. Let j = -354 - f. What is the units digit of j?
5
Let m(c) = -6*c**3 - c**2 + 4*c + 8. Let q be (-3)/12*-19 - (-7)/28. Suppose -a + 12 = -q*a. What is the tens digit of m(a)?
4
Suppose 3*i - o - 5 = 0, 3*i - 11 = -i - 3*o. Suppose -1248 = -2*f + i*r, 4*r = f + 4*f - 3115. What is the hundreds digit of f?
6
Let i(b) = 30*b - 28. Let z = 134 - 123. What is the hundreds digit of i(z)?
3
Suppose -29 = 3*y - 38. Suppose -1214 = -y*p - 0*p - i, 2038 = 5*p - 2*i. What is the units digit of p?
6
Suppose -55*b + 558485 - 107760 = 0. What is the units digit of b?
5
Suppose -52391 - 15345 = -4*d. What is the tens digit of d?
3
Let s = 63298 + -14355. What is the ten thousands digit of s?
4
Let g(b) = -57*b + 10. Let h be g(1). Let p = 481 + h. What is the units digit of p?
4
Let y(n) = n**2 - 133*n - 531. What is the hundreds digit of y(-23)?
0
Let j(p) = 7*p - 49. Let g be j(8). Let u(v) = v**2 - 2*v - 4. What is the units digit of u(g)?
1
Let t(g) = 79*g**2 + 12*g + 120. What is the ten thousands digit of t(-18)?
2
Let z(c) = 2317*c + 4141. What is the units digit of z(4)?
9
What is the thousands digit of ((-210)/180)/(2/(-12)) + 5515?
5
Suppose -t + 0*t + 3*x = -1277, t + x = 1257. Suppose 4*y = u - 432, -5*y = 4*u - u - t. What is the units digit of u?
4
Let t = -66954 - -101979. What is the hundreds digit of t?
0
Suppose -2*d + 13 = -g, -g = 3*d - 12 - 15. Let m be 42/d + (-8)/32. Suppose -m*s = -219 - 286. What is the units digit of s?
1
Suppose 1313 = -4*f - 207. Let t = f + 945. What is the hundreds digit of t?
5
Suppose 0 = 5*l + 2*c - 32, 0*l = -5*l + 2*c + 48. Suppose 4*q = l, 3*q - 19 + 3 = -5*b. What is the units digit of 815/20 + b/8?
1
Let h be (6 - (-112)/(-24))*3. Suppose -n = -h, -n - 1952 = -2*s - 0*n. What is the tens digit of s?
7
Let m be 0 - -2 - -2 - (-4 - -2). Let k be (-1 + 81/m)*-8. Let n = 46 - k. What is the units digit of n?
6
Let u(m) = m**3 - 2*m**2 + 2*m - 6. Suppose -4*w = -9*w. Suppose w*g + 4*g = 3*p + 31, 0 = -g + 4*p + 24. What is the tens digit of u(g)?
3
Let r = 66427 + -45089. What is the ten thousands digit of r?
2
Suppose -9267 = -18*l + 597. What is the hundreds digit of l?
5
Let d(l) = 6*l - 8. Suppose -5*m + 306 = -2*m. Let i = m - 100. What is the units digit of d(i)?
4
Let g(h) = h**3 + 24*h**2 + 25*h - 18. Let b be g(-23). Let q = b - -69. Suppose m = -q, 207 = 3*n - 0*m + 3*m. What is the units digit of n?
4
Let n = 195 - 201. What is the tens digit of ((-30)/8)/(8/(2816/n))?
2
Let q = -22129 + 91140. What is the ten thousands digit of q?
6
Suppose -231*q = -236*q - b + 174038, -6*q + 208861 = -b. What is the tens digit of q?
0
Let t = -24868 + 48519. What is the thousands digit of t?
3
Let c = -477 + 482. What is the units digit of (-58 - -3)*(-2)/c?
2
Suppose 0 = -51*h - 25*h + 152. Suppose -3*y + 251 + 127 = 0. Suppose -o + y = h*o. What is the units digit of o?
2
Let h = 12630 + 3760. What is the thousands digit of h?
6
Let u = 195 - 173. Suppose -u*y = -6066 - 5154. What is the units digit of y?
0
Let p = 10 - 2. Let z be ((-417)/p - -2) + (-2)/(-16). What is the tens digit of (z/(-3))/((-2)/(-3))?
2
Let w(q) = 2529*q**2 - 196*q + 38. What is the hundreds digit of w(4)?
7
Let j = -55 + -57. What is the units digit of 2/8 - (-7)/(j/(-10716))?
0
Let s(f) = 1530*f**2 - 13*f - 14. Let j be s(-1). Suppose 1520*h = j*h - 10962. What is the thousands digit of h?
1
Let j(w) = -10*w + 192. Let o be j(16). Let c = o + 217. Wh